{"id":337,"date":"2012-05-19T12:00:04","date_gmt":"2012-05-19T12:00:04","guid":{"rendered":"http:\/\/www.cgt-hopital-manosque.fr\/?page_id=337"},"modified":"2012-07-10T16:48:10","modified_gmt":"2012-07-10T16:48:10","slug":"sites-amis","status":"publish","type":"page","link":"http:\/\/www.cgt-hopital-manosque.fr\/?page_id=337","title":{"rendered":"sites amis"},"content":{"rendered":"<p>Ci-joint quelques liens vers des sites amis.<\/p>\n<p>* Le site de la F\u00e9d\u00e9ration CGT Sant\u00e9 et Action Sociale : <strong><a href=\"http:\/\/www.sante.cgt.fr\/\" target=\"_blank\">http:\/\/www.sante.cgt.fr<\/a><\/strong><\/p>\n<p>* Le site de la CGT du centre hospitalier Laborit \u00e0 Poitiers : <strong><a href=\"http:\/\/www.cgtlaborit.fr\/\" target=\"_blank\">http:\/\/www.cgtlaborit.fr<\/a><\/strong><\/p>\n<p>* Le site \u00ab\u00a0L\u00e9gifrance\u00a0\u00bb, site web officiel du Gouvernement fran\u00e7ais pour la publication des textes l\u00e9gaux et la diffusion des d\u00e9cisions juridiques de droit fran\u00e7ais : <strong><a href=\"http:\/\/www.legifrance.gouv.fr\/\" target=\"_blank\">http:\/\/www.legifrance.gouv.fr<\/a><\/strong><\/p>\n<p>* Le site de l&rsquo;ANFH (Association Nationale pour la Formation permanente du personnel Hospitalier) : <strong><a href=\"http:\/\/www.anfh.asso.fr\" target=\"_blank\">http:\/\/www.anfh.asso.fr<\/a><\/strong><\/p>\n<p>* Le site du CGOS (Comit\u00e9 de Gestion des \u0152uvres Sociales des personnels hospitaliers) : <strong><a href=\"http:\/\/www.cgos.info\" target=\"_blank\">http:\/\/www.cgos.info<\/a><\/strong><\/p>\n<p>* Le site de l&rsquo;Union d\u00e9partementale CGT des Alpes de Haute Provence : <strong><a href=\"http:\/\/udcgt04.pagesperso-orange.fr\" target=\"_blank\">http:\/\/udcgt04.pagesperso-orange.fr<\/a><\/strong><\/p>\n<p>* Le site de l&rsquo;Union d\u00e9partementale CGT des Hautes Alpes : <strong><a href=\"http:\/\/cgt05.fr\" target=\"_blank\">http:\/\/cgt05.fr<\/a><\/strong><\/p>\n<p>* Le site de l&rsquo;Union d\u00e9partementale CGT des Alpes Maritimes : <strong><a href=\"http:\/\/ud.cgt06.fr\" target=\"_blank\">http:\/\/ud.cgt06.fr<\/a><\/strong><\/p>\n<p>* Le site de l&rsquo;Union d\u00e9partementale CGT des Bouches du Rh\u00f4ne : <strong><a href=\"http:\/\/www.udcgt13.fr\" target=\"_blank\">http:\/\/www.udcgt13.fr<\/a><\/strong><\/p>\n<p>* Le site de l&rsquo;Union d\u00e9partementale CGT du Var : <strong><a href=\"http:\/\/www.ud83.cgt.fr\" target=\"_blank\">http:\/\/www.ud83.cgt.fr<\/a><\/strong><\/p>\n<p>* Le site de l&rsquo;Union d\u00e9partementale CGT du Vaucluse : <strong><a href=\"http:\/\/www.cgt84.com\" target=\"_blank\">http:\/\/www.cgt84.com<\/a><\/strong><\/p>\n<p>* Le site de la coordination nationale des comit\u00e9s de d\u00e9fense des h\u00f4pitaux et maternit\u00e9s de proximit\u00e9 : <strong><a href=\"http:\/\/www.coordination-nationale.org\/\" target=\"_blank\">http:\/\/www.coordination-nationale.org\/<\/a><\/strong><\/p>\n","protected":false},"excerpt":{"rendered":"<p>Ci-joint quelques liens vers des sites amis. * Le site de la F\u00e9d\u00e9ration CGT Sant\u00e9 et Action Sociale : http:\/\/www.sante.cgt.fr * Le site de la CGT du centre hospitalier Laborit \u00e0 Poitiers : http:\/\/www.cgtlaborit.fr * Le site \u00ab\u00a0L\u00e9gifrance\u00a0\u00bb, site web officiel du Gouvernement fran\u00e7ais pour la publication des textes l\u00e9gaux et la diffusion des d\u00e9cisions [&hellip;]<\/p>\n","protected":false},"author":1,"featured_media":0,"parent":210,"menu_order":0,"comment_status":"closed","ping_status":"open","template":"","meta":{"footnotes":""},"_links":{"self":[{"href":"http:\/\/www.cgt-hopital-manosque.fr\/index.php?rest_route=\/wp\/v2\/pages\/337"}],"collection":[{"href":"http:\/\/www.cgt-hopital-manosque.fr\/index.php?rest_route=\/wp\/v2\/pages"}],"about":[{"href":"http:\/\/www.cgt-hopital-manosque.fr\/index.php?rest_route=\/wp\/v2\/types\/page"}],"author":[{"embeddable":true,"href":"http:\/\/www.cgt-hopital-manosque.fr\/index.php?rest_route=\/wp\/v2\/users\/1"}],"replies":[{"embeddable":true,"href":"http:\/\/www.cgt-hopital-manosque.fr\/index.php?rest_route=%2Fwp%2Fv2%2Fcomments&post=337"}],"version-history":[{"count":15,"href":"http:\/\/www.cgt-hopital-manosque.fr\/index.php?rest_route=\/wp\/v2\/pages\/337\/revisions"}],"predecessor-version":[{"id":339,"href":"http:\/\/www.cgt-hopital-manosque.fr\/index.php?rest_route=\/wp\/v2\/pages\/337\/revisions\/339"}],"up":[{"embeddable":true,"href":"http:\/\/www.cgt-hopital-manosque.fr\/index.php?rest_route=\/wp\/v2\/pages\/210"}],"wp:attachment":[{"href":"http:\/\/www.cgt-hopital-manosque.fr\/index.php?rest_route=%2Fwp%2Fv2%2Fmedia&parent=337"}],"curies":[{"name":"wp","href":"https:\/\/api.w.org\/{rel}","templated":true}]}}

<p>Ci-joint quelques liens vers des sites amis.</p>
<p>* Le site de la Fédération CGT Santé et Action Sociale : <strong><a href="http://www.sante.cgt.fr/" target="_blank">http://www.sante.cgt.fr</a></strong></p>
<p>* Le site de la CGT du centre hospitalier Laborit à Poitiers : <strong><a href="http://www.cgtlaborit.fr/" target="_blank">http://www.cgtlaborit.fr</a></strong></p>
<p>* Le site « Légifrance », site web officiel du Gouvernement français pour la publication des textes légaux et la diffusion des décisions juridiques de droit français : <strong><a href="http://www.legifrance.gouv.fr/" target="_blank">http://www.legifrance.gouv.fr</a></strong></p>
<p>* Le site de l&rsquo;ANFH (Association Nationale pour la Formation permanente du personnel Hospitalier) : <strong><a href="http://www.anfh.asso.fr" target="_blank">http://www.anfh.asso.fr</a></strong></p>
<p>* Le site du CGOS (Comité de Gestion des Œuvres Sociales des personnels hospitaliers) : <strong><a href="http://www.cgos.info" target="_blank">http://www.cgos.info</a></strong></p>
<p>* Le site de l&rsquo;Union départementale CGT des Alpes de Haute Provence : <strong><a href="http://udcgt04.pagesperso-orange.fr" target="_blank">http://udcgt04.pagesperso-orange.fr</a></strong></p>
<p>* Le site de l&rsquo;Union départementale CGT des Hautes Alpes : <strong><a href="http://cgt05.fr" target="_blank">http://cgt05.fr</a></strong></p>
<p>* Le site de l&rsquo;Union départementale CGT des Alpes Maritimes : <strong><a href="http://ud.cgt06.fr" target="_blank">http://ud.cgt06.fr</a></strong></p>
<p>* Le site de l&rsquo;Union départementale CGT des Bouches du Rhône : <strong><a href="http://www.udcgt13.fr" target="_blank">http://www.udcgt13.fr</a></strong></p>
<p>* Le site de l&rsquo;Union départementale CGT du Var : <strong><a href="http://www.ud83.cgt.fr" target="_blank">http://www.ud83.cgt.fr</a></strong></p>
<p>* Le site de l&rsquo;Union départementale CGT du Vaucluse : <strong><a href="http://www.cgt84.com" target="_blank">http://www.cgt84.com</a></strong></p>
<p>* Le site de la coordination nationale des comités de défense des hôpitaux et maternités de proximité : <strong><a href="http://www.coordination-nationale.org/" target="_blank">http://www.coordination-nationale.org/</a></strong></p>

<p>Ci-joint quelques liens vers des sites amis. * Le site de la Fédération CGT Santé et Action Sociale : http://www.sante.cgt.fr * Le site de la CGT du centre hospitalier Laborit à Poitiers : http://www.cgtlaborit.fr * Le site « Légifrance », site web officiel du Gouvernement français pour la publication des textes légaux et la diffusion des décisions [&hellip;]</p>
