{"id":4236,"date":"2016-05-16T12:20:40","date_gmt":"2016-05-16T12:20:40","guid":{"rendered":"http:\/\/www.cgt-hopital-manosque.fr\/?page_id=4236"},"modified":"2016-11-11T06:47:49","modified_gmt":"2016-11-11T06:47:49","slug":"dossier-sur-les-ght","status":"publish","type":"page","link":"http:\/\/www.cgt-hopital-manosque.fr\/?page_id=4236","title":{"rendered":"DOSSIER SUR LES GHT"},"content":{"rendered":"<p style= \"text-align: justify;\">\n<strong>DOSSIER SUR LES GHT :<\/strong>\n<\/p>\n<p>Quelques articles de presse et vid\u00e9os sur les manifs du 8 novembre dans la r\u00e9gion<\/p>\n<p style= \"text-align: justify;\"><strong>* Quelques articles de presse et vid\u00e9os sur la manif du 8 novembre dans la r\u00e9gion (10 novembre 2016)<\/strong><br \/>\nPOUR CONSULTER L&rsquo;ARTICLE, <strong><a href=\"http:\/\/www.cgt-hopital-manosque.fr\/?p=4618\" target=\"_blank\">CLIQUER ICI<\/a><\/strong>\n<\/p>\n<p style= \"text-align: justify;\"><strong>* Malaise \u00e0 l\u2019h\u00f4pital : gr\u00e8ve mardi 8 novembre &#8211; Interview Radio Fr\u00e9quence Mistral (7 novembre 2016)<\/strong><br \/>\nPOUR CONSULTER L&rsquo;ARTICLE, <strong><a href=\"http:\/\/www.cgt-hopital-manosque.fr\/?p=4608\" target=\"_blank\">CLIQUER ICI<\/a><\/strong>\n<\/p>\n<p style= \"text-align: justify;\"><strong>* La r\u00e9forme aveugle et agressive fracasse l&rsquo;h\u00f4pital public &#8211; Article du journal La Marseillaise (7 novembre 2016)<\/strong><br \/>\nPOUR CONSULTER L&rsquo;ARTICLE, <strong><a href=\"http:\/\/www.cgt-hopital-manosque.fr\/?p=4597\" target=\"_blank\">CLIQUER ICI<\/a><\/strong>\n<\/p>\n<p style= \"text-align: justify;\"><strong>* Tract USD CGT Sant\u00e9 04 &#8211; On se mobilise ! Rassemblement \u00e0 Digne le 8 novembre \u00e0 11h00 devant la Pr\u00e9fecture (5 novembre 2016)<\/strong><br \/>\nPOUR CONSULTER L&rsquo;ARTICLE, <strong><a href=\"http:\/\/www.cgt-hopital-manosque.fr\/?p=4587\" target=\"_blank\">CLIQUER ICI<\/a><\/strong>\n<\/p>\n<p style= \"text-align: justify;\"><strong>* Tous ensemble, en gr\u00e8ve le 8 novembre ! D\u00e9claration commune CGT et FO Sant\u00e9 04 (3 novembre 2016)<\/strong><br \/>\nPOUR CONSULTER L&rsquo;ARTICLE, <strong><a href=\"http:\/\/www.cgt-hopital-manosque.fr\/?p=4575\" target=\"_blank\">CLIQUER ICI<\/a><\/strong>\n<\/p>\n<p style= \"text-align: justify;\"><strong>* Communiqu\u00e9 r\u00e9gional CGT Sant\u00e9 et Action Sociale PACA relatif \u00e0 la mobilisation du 8 novembre &#8211; GHT, PLFSS&#8230; (30 octobre 2016)<\/strong><br \/>\nPOUR CONSULTER L&rsquo;ARTICLE, <strong><a href=\"http:\/\/www.cgt-hopital-manosque.fr\/?p=4562\" target=\"_blank\">CLIQUER ICI<\/a><\/strong>\n<\/p>\n<p style= \"text-align: justify;\"><strong>* Rassemblement le mardi 8 novembre \u00e0 11h00 devant la Pr\u00e9fecture de Digne les Bains (29 octobre 2016)<\/strong><br \/>\nPOUR CONSULTER L&rsquo;ARTICLE, <strong><a href=\"http:\/\/www.cgt-hopital-manosque.fr\/?p=4559\" target=\"_blank\">CLIQUER ICI<\/a><\/strong>\n<\/p>\n<p style= \"text-align: justify;\"><strong>* Les richesses existent pour se soigner tous (27 octobre 2016)<\/strong><br \/>\nPOUR CONSULTER L&rsquo;ARTICLE, <strong><a href=\"http:\/\/www.cgt-hopital-manosque.fr\/?p=4556\" target=\"_blank\">CLIQUER ICI<\/a><\/strong>\n<\/p>\n<p style= \"text-align: justify;\"><strong>* Une d\u00e9gradation des  conditions de travail \u00e0 l&rsquo;h\u00f4pital &#8211; Article du journal La Provence (11 octobre 2016)<\/strong><br \/>\nPOUR CONSULTER L&rsquo;ARTICLE, <strong><a href=\"http:\/\/www.cgt-hopital-manosque.fr\/?p=4522\" target=\"_blank\">CLIQUER ICI<\/a><\/strong>\n<\/p>\n<p style= \"text-align: justify;\"><strong>* A l&rsquo;h\u00f4pital la p\u00e9nurie est devenue la r\u00e8gle &#8211; Article du journal La Marseillaise (10 octobre 2016)<\/strong><br \/>\nPOUR CONSULTER L&rsquo;ARTICLE, <strong><a href=\"http:\/\/www.cgt-hopital-manosque.fr\/?p=4516\" target=\"_blank\">CLIQUER ICI<\/a><\/strong>\n<\/p>\n<p style= \"text-align: justify;\"><strong>* Communiqu\u00e9 de presse CGT Sant\u00e9 04 : On veut bien travailler (7 octobre 2016)<\/strong><br \/>\nPOUR CONSULTER L&rsquo;ARTICLE, <strong><a href=\"http:\/\/www.cgt-hopital-manosque.fr\/?p=4494\" target=\"_blank\">CLIQUER ICI<\/a><\/strong>\n<\/p>\n<p style= \"text-align: justify;\"><strong>* Les GHT, la Loi El Khomri, pour la CGT c&rsquo;est NON ! (3 septembre 2016)<\/strong><br \/>\nPOUR CONSULTER L&rsquo;ARTICLE, <strong><a href=\"http:\/\/www.cgt-hopital-manosque.fr\/?p=4453\" target=\"_blank\">CLIQUER ICI<\/a><\/strong>\n<\/p>\n<p style= \"text-align: justify;\"><strong>* La CGT Sant\u00e9 04 interpelle par courrier les 9 Pr\u00e9sidents des Conseils de surveillance du GHT 04 (5 ao\u00fbt 2016)<\/strong><br \/>\nPOUR CONSULTER L&rsquo;ARTICLE, <strong><a href=\"http:\/\/www.cgt-hopital-manosque.fr\/?p=4431\" target=\"_blank\">CLIQUER ICI<\/a><\/strong>\n<\/p>\n<p style= \"text-align: justify;\"><strong>* Dossier du journal HPI Haute Provence Info sur les GHT &#8211; L&rsquo;h\u00f4pital de Digne, support du Groupement Hospitalier de Territoire (22 juillet 2016)<\/strong><br \/>\nPOUR CONSULTER L&rsquo;ARTICLE, <strong><a href=\"http:\/\/www.cgt-hopital-manosque.fr\/?p=4413\" target=\"_blank\">CLIQUER ICI<\/a><\/strong>\n<\/p>\n<p style= \"text-align: justify;\"><strong>* GHT 04 : \u00e7a commence tr\u00e8s mal ! (15 juillet 2016)<\/strong><br \/>\nPOUR CONSULTER L&rsquo;ARTICLE, <strong><a href=\"http:\/\/www.cgt-hopital-manosque.fr\/?p=4399\" target=\"_blank\">CLIQUER ICI<\/a><\/strong>\n<\/p>\n<p style= \"text-align: justify;\"><strong>* Loi Touraine, la CGT grince des dents &#8211; article du journal La Provence (9 juillet 2016)<\/strong><br \/>\nPOUR CONSULTER L&rsquo;ARTICLE, <strong><a href=\"http:\/\/www.cgt-hopital-manosque.fr\/?p=4358\" target=\"_blank\">CLIQUER ICI<\/a><\/strong>\n<\/p>\n<p style= \"text-align: justify;\"><strong>* Groupement hospitalier de territoire : La CGT craint des suppressions de lits et de postes &#8211; Article Haute Provence Info (8 juillet 2016)<\/strong><br \/>\nPOUR CONSULTER L&rsquo;ARTICLE, <strong><a href=\"http:\/\/www.cgt-hopital-manosque.fr\/?p=4358\" target=\"_blank\">CLIQUER ICI<\/a><\/strong>\n<\/p>\n<p style= \"text-align: justify;\"><strong>* Le GHT 04 n&rsquo;est pas du go\u00fbt de la CGT Sant\u00e9 &#8211; Interview de la Radio Fr\u00e9quence Mistral (6 juillet 2016)<\/strong><br \/>\nPOUR CONSULTER L&rsquo;ARTICLE, <strong><a href=\"http:\/\/www.cgt-hopital-manosque.fr\/?p=4337\" target=\"_blank\">CLIQUER ICI<\/a><\/strong>\n<\/p>\n<p style= \"text-align: justify;\"><strong>* GHT : Non \u00e0 l&rsquo;inversion de la hi\u00e9rarchie des soins (Article du journal La Marseillaise du 05\/07\/2016)<\/strong><br \/>\nPOUR CONSULTER L&rsquo;ARTICLE, <strong><a href=\"http:\/\/www.cgt-hopital-manosque.fr\/?p=4321\" target=\"_blank\">CLIQUER ICI<\/a><\/strong>\n<\/p>\n<p style= \"text-align: justify;\"><strong>* GHT PACA &#8211; Groupements Hospitaliers de Territoire &#8211; Article du journal La Provence du 1er juillet 2016 (4 juillet 2016)<\/strong><br \/>\nPOUR CONSULTER L&rsquo;ARTICLE, <strong><a href=\"http:\/\/www.cgt-hopital-manosque.fr\/?p=4303\" target=\"_blank\">CLIQUER ICI<\/a><\/strong>\n<\/p>\n<p style= \"text-align: justify;\"><strong>* Interview de la CGT sur les GHT &#8211; Radio Alpes 1 (3 juillet 2016)<\/strong><br \/>\nPOUR CONSULTER L&rsquo;ARTICLE, <strong><a href=\"http:\/\/www.cgt-hopital-manosque.fr\/?p=4295\" target=\"_blank\">CLIQUER ICI<\/a><\/strong>\n<\/p>\n<p style= \"text-align: justify;\"><strong>* Tract CGT Sant\u00e9 04 sur les GHT : Droit \u00e0 la sant\u00e9 et droits des salari\u00e9s en danger (2 juillet 2016)<\/strong><br \/>\nPOUR CONSULTER L&rsquo;ARTICLE, <strong><a href=\"http:\/\/www.cgt-hopital-manosque.fr\/?p=4290\" target=\"_blank\">CLIQUER ICI<\/a><\/strong>\n<\/p>\n<p style= \"text-align: justify;\"><strong>* Tract CGT h\u00f4pital de Manosque sur les GHT (Groupements Hospitaliers de Territoires) &#8211; (2 juin 2016)<\/strong><br \/>\nPOUR CONSULTER L&rsquo;ARTICLE, <strong><a href=\"http:\/\/www.cgt-hopital-manosque.fr\/?p=4251\" target=\"_blank\">CLIQUER ICI<\/a><\/strong>\n<\/p>\n<p style= \"text-align: justify;\"><strong>* GHT et loi Travail : m\u00eame combat &#8211; AG de la CGT de l&rsquo;h\u00f4pital de Manosque du 12 mai 2016 (Article du journal La Marseillaise du 16 mai 2016)<\/strong><br \/>\nPOUR CONSULTER L&rsquo;ARTICLE, <strong><a href=\"http:\/\/www.cgt-hopital-manosque.fr\/?p=4229\" target=\"_blank\">CLIQUER ICI<\/a><\/strong>\n<\/p>\n<p style= \"text-align: justify;\"><strong>* Article du journal \u00ab\u00a0La Provence\u00a0\u00bb sur les GHT &#8211; (11 mai 2016)<\/strong><br \/>\nPOUR CONSULTER L&rsquo;ARTICLE, <strong><a href=\"http:\/\/www.cgt-hopital-manosque.fr\/?p=4218\" target=\"_blank\">CLIQUER ICI<\/a><\/strong>\n<\/p>\n<p style= \"text-align: justify;\"><strong>* Tract CGT H\u00f4pital de Manosque sur les GHT &#8211; (5 mai 2016)<\/strong><br \/>\nPOUR CONSULTER L&rsquo;ARTICLE, <strong><a href=\"http:\/\/www.cgt-hopital-manosque.fr\/?p=4209\" target=\"_blank\">CLIQUER ICI<\/a><\/strong>\n<\/p>\n<p style= \"text-align: justify;\"><strong>* Des politiques publiques pour r\u00e9pondre aux injonctions de l&rsquo;Union Europ\u00e9enne et au service du Patronat : Synth\u00e8se des \u00e9changes relatifs \u00e0 la demi-journ\u00e9e d&rsquo;information de la CGT de l&rsquo;h\u00f4pital de Manosque du 22 mars 2016 (23 mars 2016)<\/strong><br \/>\nPOUR CONSULTER L&rsquo;ARTICLE, <strong><a href=\"http:\/\/www.cgt-hopital-manosque.fr\/?p=4134\" target=\"_blank\">CLIQUER ICI<\/a><\/strong>\n<\/p>\n<p style= \"text-align: justify;\"><strong>* D\u00e9battons le 22 mars afin de pr\u00e9parer la journ\u00e9e du 31 ! (16 mars 2016)<\/strong><br \/>\nPOUR CONSULTER L&rsquo;ARTICLE, <strong><a href=\"http:\/\/www.cgt-hopital-manosque.fr\/?p=4126\" target=\"_blank\">CLIQUER ICI<\/a><\/strong>\n<\/p>\n<p style= \"text-align: justify;\"><strong>* Dossier Haute Provence Info sur la coop\u00e9ration entre les h\u00f4pitaux de Digne et de Manosque (5 mars 2016)<\/strong><br \/>\nPOUR CONSULTER L&rsquo;ARTICLE, <strong><a href=\"http:\/\/www.cgt-hopital-manosque.fr\/?p=4090\" target=\"_blank\">CLIQUER ICI<\/a><\/strong>\n<\/p>\n<p style= \"text-align: justify;\"><strong>* Mieux comprendre la loi Sant\u00e9 pour mieux la combattre &#8211; (12 juin 2015)<\/strong><br \/>\nPOUR CONSULTER L&rsquo;ARTICLE, <strong><a href=\"http:\/\/www.cgt-hopital-manosque.fr\/?p=3628\" target=\"_blank\">CLIQUER ICI<\/a><\/strong>\n<\/p>\n<p style= \"text-align: justify;\"><strong>* Les GHT (Groupements Hospitaliers de Territoire) iront encore plus loins que les CHT ! &#8211; (23 octobre 2014)<\/strong><br \/>\nPOUR CONSULTER L&rsquo;ARTICLE, <strong><a href=\"http:\/\/www.cgt-hopital-manosque.fr\/?p=3007\" target=\"_blank\">CLIQUER ICI<\/a><\/strong><\/p>\n","protected":false},"excerpt":{"rendered":"<p>DOSSIER SUR LES GHT : Quelques articles de presse et vid\u00e9os sur les manifs du 8 novembre dans la r\u00e9gion * Quelques articles de presse et vid\u00e9os sur la manif du 8 novembre dans la r\u00e9gion (10 novembre 2016) POUR CONSULTER L&rsquo;ARTICLE, CLIQUER ICI * Malaise \u00e0 l\u2019h\u00f4pital : gr\u00e8ve mardi 8 novembre &#8211; Interview [&hellip;]<\/p>\n","protected":false},"author":1,"featured_media":0,"parent":210,"menu_order":0,"comment_status":"closed","ping_status":"closed","template":"","meta":{"footnotes":""},"_links":{"self":[{"href":"http:\/\/www.cgt-hopital-manosque.fr\/index.php?rest_route=\/wp\/v2\/pages\/4236"}],"collection":[{"href":"http:\/\/www.cgt-hopital-manosque.fr\/index.php?rest_route=\/wp\/v2\/pages"}],"about":[{"href":"http:\/\/www.cgt-hopital-manosque.fr\/index.php?rest_route=\/wp\/v2\/types\/page"}],"author":[{"embeddable":true,"href":"http:\/\/www.cgt-hopital-manosque.fr\/index.php?rest_route=\/wp\/v2\/users\/1"}],"replies":[{"embeddable":true,"href":"http:\/\/www.cgt-hopital-manosque.fr\/index.php?rest_route=%2Fwp%2Fv2%2Fcomments&post=4236"}],"version-history":[{"count":39,"href":"http:\/\/www.cgt-hopital-manosque.fr\/index.php?rest_route=\/wp\/v2\/pages\/4236\/revisions"}],"predecessor-version":[{"id":4635,"href":"http:\/\/www.cgt-hopital-manosque.fr\/index.php?rest_route=\/wp\/v2\/pages\/4236\/revisions\/4635"}],"up":[{"embeddable":true,"href":"http:\/\/www.cgt-hopital-manosque.fr\/index.php?rest_route=\/wp\/v2\/pages\/210"}],"wp:attachment":[{"href":"http:\/\/www.cgt-hopital-manosque.fr\/index.php?rest_route=%2Fwp%2Fv2%2Fmedia&parent=4236"}],"curies":[{"name":"wp","href":"https:\/\/api.w.org\/{rel}","templated":true}]}}

<p style= "text-align: justify;">
<strong>DOSSIER SUR LES GHT :</strong>
</p>
<p>Quelques articles de presse et vidéos sur les manifs du 8 novembre dans la région</p>
<p style= "text-align: justify;"><strong>* Quelques articles de presse et vidéos sur la manif du 8 novembre dans la région (10 novembre 2016)</strong><br />
POUR CONSULTER L&rsquo;ARTICLE, <strong><a href="http://www.cgt-hopital-manosque.fr/?p=4618" target="_blank">CLIQUER ICI</a></strong>
</p>
<p style= "text-align: justify;"><strong>* Malaise à l’hôpital : grève mardi 8 novembre &#8211; Interview Radio Fréquence Mistral (7 novembre 2016)</strong><br />
POUR CONSULTER L&rsquo;ARTICLE, <strong><a href="http://www.cgt-hopital-manosque.fr/?p=4608" target="_blank">CLIQUER ICI</a></strong>
</p>
<p style= "text-align: justify;"><strong>* La réforme aveugle et agressive fracasse l&rsquo;hôpital public &#8211; Article du journal La Marseillaise (7 novembre 2016)</strong><br />
POUR CONSULTER L&rsquo;ARTICLE, <strong><a href="http://www.cgt-hopital-manosque.fr/?p=4597" target="_blank">CLIQUER ICI</a></strong>
</p>
<p style= "text-align: justify;"><strong>* Tract USD CGT Santé 04 &#8211; On se mobilise ! Rassemblement à Digne le 8 novembre à 11h00 devant la Préfecture (5 novembre 2016)</strong><br />
POUR CONSULTER L&rsquo;ARTICLE, <strong><a href="http://www.cgt-hopital-manosque.fr/?p=4587" target="_blank">CLIQUER ICI</a></strong>
</p>
<p style= "text-align: justify;"><strong>* Tous ensemble, en grève le 8 novembre ! Déclaration commune CGT et FO Santé 04 (3 novembre 2016)</strong><br />
POUR CONSULTER L&rsquo;ARTICLE, <strong><a href="http://www.cgt-hopital-manosque.fr/?p=4575" target="_blank">CLIQUER ICI</a></strong>
</p>
<p style= "text-align: justify;"><strong>* Communiqué régional CGT Santé et Action Sociale PACA relatif à la mobilisation du 8 novembre &#8211; GHT, PLFSS&#8230; (30 octobre 2016)</strong><br />
POUR CONSULTER L&rsquo;ARTICLE, <strong><a href="http://www.cgt-hopital-manosque.fr/?p=4562" target="_blank">CLIQUER ICI</a></strong>
</p>
<p style= "text-align: justify;"><strong>* Rassemblement le mardi 8 novembre à 11h00 devant la Préfecture de Digne les Bains (29 octobre 2016)</strong><br />
POUR CONSULTER L&rsquo;ARTICLE, <strong><a href="http://www.cgt-hopital-manosque.fr/?p=4559" target="_blank">CLIQUER ICI</a></strong>
</p>
<p style= "text-align: justify;"><strong>* Les richesses existent pour se soigner tous (27 octobre 2016)</strong><br />
POUR CONSULTER L&rsquo;ARTICLE, <strong><a href="http://www.cgt-hopital-manosque.fr/?p=4556" target="_blank">CLIQUER ICI</a></strong>
</p>
<p style= "text-align: justify;"><strong>* Une dégradation des  conditions de travail à l&rsquo;hôpital &#8211; Article du journal La Provence (11 octobre 2016)</strong><br />
POUR CONSULTER L&rsquo;ARTICLE, <strong><a href="http://www.cgt-hopital-manosque.fr/?p=4522" target="_blank">CLIQUER ICI</a></strong>
</p>
<p style= "text-align: justify;"><strong>* A l&rsquo;hôpital la pénurie est devenue la règle &#8211; Article du journal La Marseillaise (10 octobre 2016)</strong><br />
POUR CONSULTER L&rsquo;ARTICLE, <strong><a href="http://www.cgt-hopital-manosque.fr/?p=4516" target="_blank">CLIQUER ICI</a></strong>
</p>
<p style= "text-align: justify;"><strong>* Communiqué de presse CGT Santé 04 : On veut bien travailler (7 octobre 2016)</strong><br />
POUR CONSULTER L&rsquo;ARTICLE, <strong><a href="http://www.cgt-hopital-manosque.fr/?p=4494" target="_blank">CLIQUER ICI</a></strong>
</p>
<p style= "text-align: justify;"><strong>* Les GHT, la Loi El Khomri, pour la CGT c&rsquo;est NON ! (3 septembre 2016)</strong><br />
POUR CONSULTER L&rsquo;ARTICLE, <strong><a href="http://www.cgt-hopital-manosque.fr/?p=4453" target="_blank">CLIQUER ICI</a></strong>
</p>
<p style= "text-align: justify;"><strong>* La CGT Santé 04 interpelle par courrier les 9 Présidents des Conseils de surveillance du GHT 04 (5 août 2016)</strong><br />
POUR CONSULTER L&rsquo;ARTICLE, <strong><a href="http://www.cgt-hopital-manosque.fr/?p=4431" target="_blank">CLIQUER ICI</a></strong>
</p>
<p style= "text-align: justify;"><strong>* Dossier du journal HPI Haute Provence Info sur les GHT &#8211; L&rsquo;hôpital de Digne, support du Groupement Hospitalier de Territoire (22 juillet 2016)</strong><br />
POUR CONSULTER L&rsquo;ARTICLE, <strong><a href="http://www.cgt-hopital-manosque.fr/?p=4413" target="_blank">CLIQUER ICI</a></strong>
</p>
<p style= "text-align: justify;"><strong>* GHT 04 : ça commence très mal ! (15 juillet 2016)</strong><br />
POUR CONSULTER L&rsquo;ARTICLE, <strong><a href="http://www.cgt-hopital-manosque.fr/?p=4399" target="_blank">CLIQUER ICI</a></strong>
</p>
<p style= "text-align: justify;"><strong>* Loi Touraine, la CGT grince des dents &#8211; article du journal La Provence (9 juillet 2016)</strong><br />
POUR CONSULTER L&rsquo;ARTICLE, <strong><a href="http://www.cgt-hopital-manosque.fr/?p=4358" target="_blank">CLIQUER ICI</a></strong>
</p>
<p style= "text-align: justify;"><strong>* Groupement hospitalier de territoire : La CGT craint des suppressions de lits et de postes &#8211; Article Haute Provence Info (8 juillet 2016)</strong><br />
POUR CONSULTER L&rsquo;ARTICLE, <strong><a href="http://www.cgt-hopital-manosque.fr/?p=4358" target="_blank">CLIQUER ICI</a></strong>
</p>
<p style= "text-align: justify;"><strong>* Le GHT 04 n&rsquo;est pas du goût de la CGT Santé &#8211; Interview de la Radio Fréquence Mistral (6 juillet 2016)</strong><br />
POUR CONSULTER L&rsquo;ARTICLE, <strong><a href="http://www.cgt-hopital-manosque.fr/?p=4337" target="_blank">CLIQUER ICI</a></strong>
</p>
<p style= "text-align: justify;"><strong>* GHT : Non à l&rsquo;inversion de la hiérarchie des soins (Article du journal La Marseillaise du 05/07/2016)</strong><br />
POUR CONSULTER L&rsquo;ARTICLE, <strong><a href="http://www.cgt-hopital-manosque.fr/?p=4321" target="_blank">CLIQUER ICI</a></strong>
</p>
<p style= "text-align: justify;"><strong>* GHT PACA &#8211; Groupements Hospitaliers de Territoire &#8211; Article du journal La Provence du 1er juillet 2016 (4 juillet 2016)</strong><br />
POUR CONSULTER L&rsquo;ARTICLE, <strong><a href="http://www.cgt-hopital-manosque.fr/?p=4303" target="_blank">CLIQUER ICI</a></strong>
</p>
<p style= "text-align: justify;"><strong>* Interview de la CGT sur les GHT &#8211; Radio Alpes 1 (3 juillet 2016)</strong><br />
POUR CONSULTER L&rsquo;ARTICLE, <strong><a href="http://www.cgt-hopital-manosque.fr/?p=4295" target="_blank">CLIQUER ICI</a></strong>
</p>
<p style= "text-align: justify;"><strong>* Tract CGT Santé 04 sur les GHT : Droit à la santé et droits des salariés en danger (2 juillet 2016)</strong><br />
POUR CONSULTER L&rsquo;ARTICLE, <strong><a href="http://www.cgt-hopital-manosque.fr/?p=4290" target="_blank">CLIQUER ICI</a></strong>
</p>
<p style= "text-align: justify;"><strong>* Tract CGT hôpital de Manosque sur les GHT (Groupements Hospitaliers de Territoires) &#8211; (2 juin 2016)</strong><br />
POUR CONSULTER L&rsquo;ARTICLE, <strong><a href="http://www.cgt-hopital-manosque.fr/?p=4251" target="_blank">CLIQUER ICI</a></strong>
</p>
<p style= "text-align: justify;"><strong>* GHT et loi Travail : même combat &#8211; AG de la CGT de l&rsquo;hôpital de Manosque du 12 mai 2016 (Article du journal La Marseillaise du 16 mai 2016)</strong><br />
POUR CONSULTER L&rsquo;ARTICLE, <strong><a href="http://www.cgt-hopital-manosque.fr/?p=4229" target="_blank">CLIQUER ICI</a></strong>
</p>
<p style= "text-align: justify;"><strong>* Article du journal « La Provence » sur les GHT &#8211; (11 mai 2016)</strong><br />
POUR CONSULTER L&rsquo;ARTICLE, <strong><a href="http://www.cgt-hopital-manosque.fr/?p=4218" target="_blank">CLIQUER ICI</a></strong>
</p>
<p style= "text-align: justify;"><strong>* Tract CGT Hôpital de Manosque sur les GHT &#8211; (5 mai 2016)</strong><br />
POUR CONSULTER L&rsquo;ARTICLE, <strong><a href="http://www.cgt-hopital-manosque.fr/?p=4209" target="_blank">CLIQUER ICI</a></strong>
</p>
<p style= "text-align: justify;"><strong>* Des politiques publiques pour répondre aux injonctions de l&rsquo;Union Européenne et au service du Patronat : Synthèse des échanges relatifs à la demi-journée d&rsquo;information de la CGT de l&rsquo;hôpital de Manosque du 22 mars 2016 (23 mars 2016)</strong><br />
POUR CONSULTER L&rsquo;ARTICLE, <strong><a href="http://www.cgt-hopital-manosque.fr/?p=4134" target="_blank">CLIQUER ICI</a></strong>
</p>
<p style= "text-align: justify;"><strong>* Débattons le 22 mars afin de préparer la journée du 31 ! (16 mars 2016)</strong><br />
POUR CONSULTER L&rsquo;ARTICLE, <strong><a href="http://www.cgt-hopital-manosque.fr/?p=4126" target="_blank">CLIQUER ICI</a></strong>
</p>
<p style= "text-align: justify;"><strong>* Dossier Haute Provence Info sur la coopération entre les hôpitaux de Digne et de Manosque (5 mars 2016)</strong><br />
POUR CONSULTER L&rsquo;ARTICLE, <strong><a href="http://www.cgt-hopital-manosque.fr/?p=4090" target="_blank">CLIQUER ICI</a></strong>
</p>
<p style= "text-align: justify;"><strong>* Mieux comprendre la loi Santé pour mieux la combattre &#8211; (12 juin 2015)</strong><br />
POUR CONSULTER L&rsquo;ARTICLE, <strong><a href="http://www.cgt-hopital-manosque.fr/?p=3628" target="_blank">CLIQUER ICI</a></strong>
</p>
<p style= "text-align: justify;"><strong>* Les GHT (Groupements Hospitaliers de Territoire) iront encore plus loins que les CHT ! &#8211; (23 octobre 2014)</strong><br />
POUR CONSULTER L&rsquo;ARTICLE, <strong><a href="http://www.cgt-hopital-manosque.fr/?p=3007" target="_blank">CLIQUER ICI</a></strong></p>

<p>DOSSIER SUR LES GHT : Quelques articles de presse et vidéos sur les manifs du 8 novembre dans la région * Quelques articles de presse et vidéos sur la manif du 8 novembre dans la région (10 novembre 2016) POUR CONSULTER L&rsquo;ARTICLE, CLIQUER ICI * Malaise à l’hôpital : grève mardi 8 novembre &#8211; Interview [&hellip;]</p>
